/(-1) + 260/80*8. What is the greatest common divisor of 5729 and l?
17
Suppose -142*i = -152*i + 40. Suppose 1593 = i*b - k, 2*b + 10*k = 11*k + 795. What is the highest common factor of 21 and b?
21
Let t = -337 + 182. Let d = 345 + t. What is the highest common factor of 38 and d?
38
Let m be (2 + 4/1)*3870/172. Calculate the greatest common divisor of m and 510.
15
Let t(z) = z**3 - z**2 - 39*z + 19. Let p be t(0). What is the highest common factor of p and 2983?
19
Suppose -r + 54 = -3*i, 3*r + 1295*i - 90 = 1296*i. Let s(v) = -v + 243. Let o be s(0). What is the highest common divisor of o and r?
27
Suppose 266342 = 139*y - 101*y. Calculate the highest common divisor of y and 326.
163
Let q(k) = k**2 - 4*k + 105. Let y be -1*(-1 - 2 - -3). Let a be q(y). Calculate the highest common factor of a and 42.
21
Let q(x) = 2*x**2 + x + 14. Let n be q(-12). Suppose 0 = -6*o - n + 3290. Suppose 5*t + 0*t - o = 0. What is the greatest common factor of 40 and t?
20
Let j(c) = 9*c - 1. Let r be j(5). Let w be 5 + (1176/64 - 23) - 522/(-16). Calculate the greatest common factor of w and r.
11
Suppose 16*c = -874 - 150. Let u = 82 + c. Suppose 0*i = -i + u. Calculate the highest common factor of 81 and i.
9
Suppose 2*h = -3*v + 857, 20 = 2*v + 3*h - 543. Suppose -1768 - v = -11*f. What is the highest common divisor of 17 and f?
17
Suppose v = -5*c + 247, 0 = -c + 5*v - 0*v + 39. Suppose 53*d - c*d - 292 = 0. Let l = d - 33. Calculate the greatest common factor of l and 10.
10
Let a(t) = -2*t**2 - 173*t + 454. Let j be a(-86). Calculate the highest common factor of 150 and j.
30
Suppose 74 = r + 7. Let j = r - 33. Let b = j + -10. What is the highest common divisor of 16 and b?
8
Suppose 0 = -4*w - 3064 + 4360. What is the greatest common factor of 12 and w?
12
Suppose -366*q + 21007 = -347*q - 9773. Calculate the greatest common divisor of q and 1200.
60
Let g = 336 + -283. Calculate the highest common divisor of 583 and g.
53
Suppose -4*c - z = -4755, -59 + 55 = 4*z. Calculate the highest common divisor of 319 and c.
29
Let v = -171 + 195. Suppose -v*r = -20*r - 56. Calculate the highest common factor of r and 28.
14
Let u be (-2 + 28/12)*24. Suppose 9 = -3*p, 2*g = g + p + u. Suppose -3*a - 32 = -g*a. Calculate the highest common factor of a and 160.
16
Let m be (1005 - -6)/((-12)/(-116)) + -1. Calculate the greatest common factor of m and 7.
7
Let q be 30/(-2 + 0 + 3). Suppose 3 = 3*t - a - 5, -4*t + 16 = -4*a. Let x be 2704/10 - t/(-25)*-5. Calculate the greatest common factor of x and q.
30
Suppose -x - 19*x + 80 = 0. Suppose x*v + 0*v = -8, 4*s - 2*v = 1264. Calculate the highest common factor of 7 and s.
7
Suppose 32*h - 21*h = 4081. Suppose 0 = -2*o - 2*l + 12, 5*l = -4*o + 2*l + 25. What is the greatest common divisor of o and h?
7
Let o = 5506 - 5336. Calculate the highest common factor of o and 9010.
170
Let a(t) = -602 + t**2 + 120 - 49*t + 112 + 154 + 148. Let z be a(52). What is the greatest common factor of z and 64?
8
Let v(j) = j**3 - 31*j**2 + 28*j + 100. Let r be v(30). What is the greatest common factor of 56 and r?
8
Let p(y) = -3*y**2 + 74*y - 24. Let f be p(24). Suppose 0 = -67*r + 73*r - f. Calculate the highest common factor of 4 and r.
4
Let l = 80 + -48. Suppose -6*x + 34 = -l. Suppose x*m = 13*m - 44. Calculate the greatest common divisor of m and 66.
22
Let o = 581 + -484. Let l = -53 + o. Calculate the greatest common factor of 11 and l.
11
Suppose 0 = -990*q + 1004*q - 56. Calculate the highest common factor of q and 242.
2
Let g be (-184)/276*(-26 - 1). Calculate the greatest common factor of 1842 and g.
6
Let p be -91*(74 + -75)/(1 + 1 + -1). Calculate the highest common divisor of 1313 and p.
13
Let n = -2428 - -4044. Calculate the highest common divisor of 101 and n.
101
Let m be (20/3)/((-1513)/(-1479) - 1). Calculate the greatest common divisor of m and 50.
10
Suppose 0 = -20*l - 187 - 373. Let x be 21*(l/(-36) + 2/9). Calculate the highest common divisor of 7 and x.
7
Suppose 13*k - 852 + 72 = 0. Suppose -32*l + k = -31*l. Calculate the greatest common factor of 80 and l.
20
Let z = 1177 + -969. What is the greatest common factor of z and 1482?
26
Let b be (-5 + -1)*(-48)/9. Let p(o) be the first derivative of o**3/3 - 7*o**2/2 - 66*o - 26. Let f be p(14). What is the greatest common divisor of b and f?
32
Let y be ((-2)/(-4) + (-74)/(-20))/((-603)/(-57285)). Calculate the greatest common divisor of y and 1653.
57
Let m be 2/(4/3)*46. Let x be ((-18)/(-27))/(1/m). Let z(l) = -l**3 + 14*l**2 - 7*l - 9. Let s be z(13). Calculate the greatest common factor of x and s.
23
Let f be (-20)/15 - -1 - 139/(-3). Suppose f*c - 49*c + 45 = 0. Let h be (190/c)/((-1)/(-3)). What is the highest common divisor of 95 and h?
19
Suppose 76*l = 111*l - 2351650. What is the greatest common factor of 10 and l?
10
Suppose 4*u + 44*z = 47*z + 2634, 2*z = 2*u - 1314. What is the highest common divisor of u and 884?
221
Suppose 2*c - 20 = -0. Let q(w) = w**3 + 5*w**2 - w + 2. Let u be q(-6). Let r be (-828)/u - 3/(-21)*3. Calculate the highest common divisor of c and r.
10
Suppose 47*d = -15*d - 164*d + 15594. Calculate the greatest common divisor of 42 and d.
3
Let o = 0 - -7. Suppose -o*v + 12 = -4*v. Let b(q) = -q**3 + 6*q**2 + q - 3. Let z be b(v). What is the highest common divisor of z and 22?
11
Let h(b) = 19*b + 157. Let k be h(-8). Suppose -k*p + 24*p = 2280. What is the greatest common divisor of 40 and p?
40
Let k be (-42)/(-12)*(6 - 2) - -5. Suppose 15*j - k*j + c = -1358, 2*j + c - 682 = 0. Calculate the greatest common divisor of j and 34.
34
Suppose -4*c + 3*l = -223, 2*c + l = 2*l + 113. Suppose c = -5*b - 57. Let z = -17 - b. What is the greatest common divisor of z and 54?
6
Let w be 480/(-128)*(2 - 6). Let r be w + 4 - (13 + -15). What is the greatest common factor of r and 231?
21
Let x(a) = -2930*a - 4. Let w be x(-1). Let r = w + -1583. Calculate the greatest common factor of 17 and r.
17
Let t be ((-10)/(-3 + 175/49))/((-5)/380). Calculate the greatest common divisor of 1425 and t.
95
Suppose 96*w + 22*w = 5006 + 18004. Let h(t) = 7*t - 10. Let k be h(7). Calculate the highest common factor of w and k.
39
Let g be 28/(2 - 0)*391/(-322)*-21. What is the highest common factor of g and 255?
51
Let k be ((-160)/(-25))/(-4)*(-20)/8. Suppose k*p - 2*p + 544 = u, -u - 5*p = -530. Calculate the greatest common factor of 20 and u.
20
Let g(l) = -l**3 - 29*l**2 + 61*l - 33. Let c be g(-31). Let d be 570/45*(0 - 57/c). Calculate the greatest common divisor of 19 and d.
19
Let q be 147*(1100/(-77))/(-25). Calculate the greatest common factor of 348 and q.
12
Suppose -6*t + 4 = 70. Let o(i) = 3*i**2 + 30*i + 3. Let b be o(t). What is the greatest common divisor of b and 171?
9
Suppose -544*j + 497*j = -1222. Calculate the greatest common factor of j and 42.
2
Let k = 232 - 241. Let p be (k + 3)*(5 + -12). What is the greatest common factor of 6 and p?
6
Suppose 2*v - 256 = -5*r + 16, 5*r - 156 = -v. What is the highest common factor of 2842 and v?
58
Let u(x) = 30*x + 476. Let g be u(-15). What is the highest common factor of g and 1352?
26
Let z = -219 + 272. Suppose z*x - 434 = 46*x. Calculate the greatest common factor of x and 620.
62
Let r = -12 - 2. Let a(w) be the first derivative of w**3/3 + 6*w**2 + 12*w - 351. Let p be a(r). What is the highest common divisor of 8 and p?
8
Suppose 17 - 50 = -3*g. Suppose -2*d - 5 + g = 0. Suppose 0 = -5*i - 2*l + 1116, -671 = -d*i - l - 1. What is the highest common divisor of 32 and i?
32
Let i(g) = 9*g + 9. Let b = 24 - 30. Let x(p) = 4*p + 27. Let c be x(b). Let u be i(c). What is the highest common factor of 252 and u?
36
Let c = -7503 - -7527. Suppose 3*s = -4*h + 427, -4*s - 5*h + 175 = -394. Suppose s = 3*b - 3. What is the greatest common divisor of c and b?
24
Let t(j) = -7*j - 20. Let k be t(3). Let g = k - -48. Suppose 3*q + f = 49, -3*q - 5*f - g = -2*q. What is the highest common factor of 54 and q?
18
Let p(x) = -18*x - 177. Let b be p(-10). Let q = -29 + 21. Let f = q - -14. What is the greatest common divisor of b and f?
3
Suppose -4*n = -3*w - 6417, -3*w - 4815 = -30*n + 27*n. What is the highest common factor of n and 90?
18
Suppose -151 + 16 = 27*c. Let j be c + 